 + 4*s + 301 = 790, w + s = 489. Let x = -117 + w. List the prime factors of x.
2, 3, 31
Let v(a) = 148*a**2 - 3*a + 2. Let g be v(1). Let f = 44 + g. What are the prime factors of f?
191
Let o = 151 - 118. What are the prime factors of o/(-9)*-107 + (-2)/(-3)?
3, 131
Suppose 0 = -u + o + 4, -2*o + 36 + 12 = 5*u. List the prime factors of (-1165)/(-3 + u)*-3.
3, 233
Suppose 311019 - 36519 = 150*f. List the prime factors of f.
2, 3, 5, 61
Let j(u) = -u**3 + 4*u**2 + 4. Let q be j(4). Suppose 84 = z + x, -z + 384 = 4*z - q*x. List the prime factors of 5024/z - (-2 + 1)/5.
3, 7
Let b be (0 - 42) + (-4 - -6). Let n be b/(-30)*6/(-4). What are the prime factors of 3 - (-178 + (-3 - n))?
2, 7, 13
Let j(s) be the first derivative of -48*s**2 + 61*s - 14. What are the prime factors of j(-5)?
541
Let j(h) = 504*h + 3. Let t be j(-2). Let o(y) = -y**3 - 4*y**2 - 8*y - 4. Let q be o(-2). What are the prime factors of (-1)/q + t/(-20)?
2, 5
Let k be (-14)/(-2) + (4 + -5 - -3). Let v be (-232)/(-1) + (5 - k). Let r = v + -128. List the prime factors of r.
2, 5
What are the prime factors of 3 + (1/4 - 1908795/(-196))?
2, 4871
Let n = -228 + 226. What are the prime factors of 601 - ((-9)/27)/(n/(-18))?
2, 151
Suppose -23 = -10*r - 3. Suppose -1 = r*l + 3*a + 5, 12 = -3*a. Suppose 4*m + 491 = l*u, -5*m = 3*u - 211 - 316. List the prime factors of u.
13
Let o be ((-5)/15)/((-5)/3765). Let l = -110 + o. What are the prime factors of l?
3, 47
Suppose -26*q = -982877 + 26259. What are the prime factors of q?
36793
Suppose 5*n + 2*q = -1669, 0 = -0*n - n - 5*q - 343. Let l be (-962)/14 - (n/(-63) - 5). Let v = 261 + l. What are the prime factors of v?
2, 3
Let l(d) = 4*d + 8. Let x be l(-2). Suppose x = -11*j + 3*j + 320. List the prime factors of (318/(-5) + 0)/((-12)/j).
2, 53
Let s = 37813 - 23542. What are the prime factors of s?
3, 67, 71
Suppose 4*v + 1492 = 4*y, -217*y + 2*v - 726 = -219*y. List the prime factors of y.
2, 23
Suppose 1200 = 5*c - 5*x, 4*c + 2*x + 242 = 5*c. Let r = c - -1181. List the prime factors of r.
3, 11, 43
Suppose 28*q + 15 = 33*q. Suppose -3*h + 4*r = -39, q*h - 4*r = -h + 48. What are the prime factors of 74/h + (-8)/36?
2
Let d be (84/(-35))/(3/(-960)). Suppose -282 = 5*g - 4*c - d, -266 = -3*g - 4*c. Suppose 0 = 3*x - g - 32. List the prime factors of x.
2, 3, 7
Suppose 6*h + 1507 - 6361 = 0. Suppose -s - 356 = -2*y + 179, 5*s = -3*y + h. List the prime factors of y.
2, 67
Suppose 4*b = -3*w + 35443, 0 = -b - 3*w + 6281 + 2573. List the prime factors of b.
8863
Let h(u) = 142*u + 2. Suppose 6*i - 19 = 29. Let s be h(i). Suppose -426 = 8*t - s. What are the prime factors of t?
89
Suppose 1110 = 11*h - 276. List the prime factors of (-216)/h*(-7)/2.
2, 3
Let y = -73 + 116. Suppose 46*j - y*j = 42. Suppose n - 6 - j = 4*w, -n + 2*w + 30 = 0. What are the prime factors of n?
2, 5
Let f(g) be the second derivative of g**4/3 - 17*g**3/3 - 79*g**2 - 211*g. List the prime factors of f(-15).
2, 313
Suppose -5*w - 4*w = -972. Let h = -91 + w. Suppose h*t - 773 = 1760. List the prime factors of t.
149
Let i(t) = 332*t + 520. List the prime factors of i(20).
2, 5, 179
What are the prime factors of (-1089*1)/((-26)/234)?
3, 11
Let k(w) be the second derivative of 2*w**3/3 + 27*w**2/2 - 35*w. Let a be k(7). Let x = a + 1. List the prime factors of x.
2, 7
Let u = -248 - -468. Suppose -u = 7*g - 12*g. What are the prime factors of g?
2, 11
Suppose -y + 3 + 2 = 0. Let u = y + 9. List the prime factors of (u/63 + 1966/(-18))*-1.
109
Let t = 125033 - 81909. List the prime factors of t.
2, 10781
Suppose 0 = -3*n + 3*u + 1359, 0*u = 4*n + 2*u - 1830. Suppose m + 0*j - n = -5*j, 0 = -2*m - 3*j + 884. List the prime factors of m.
2, 109
Suppose 79*p - 1218352 = 46675. What are the prime factors of p?
67, 239
Let z be (-2)/((-1701)/1689 + 1)*2. Suppose 4*i = z - 35. Suppose -162 = -3*u + i. What are the prime factors of u?
2, 7
Suppose -q = q - 800. Let p = q + -54. List the prime factors of p.
2, 173
Suppose -9*c - 200 + 56 = 0. Let o(r) = -r - 14. Let z be o(c). Suppose -z*j = -203 + 53. What are the prime factors of j?
3, 5
Suppose 4*y = 43 + 9. Let h be (13 - 3) + -14 + 47. Suppose 3 = 2*d + 2*v - h, -d + y = -4*v. List the prime factors of d.
3, 7
What are the prime factors of (-15 - -1) + -46 + 3913?
3853
Let w = -725 + 1345. Let d = w - 349. List the prime factors of d.
271
Suppose -100*f = 48216 - 656616. List the prime factors of f.
2, 3, 13
Let z = 85147 + -7947. List the prime factors of z.
2, 5, 193
Let z(v) = 1364*v + 144. Let f be z(3). What are the prime factors of (-1 + -1)*f/(-8)?
3, 353
Let g(y) = -206*y - 218*y - 216*y - 58 + 626*y. Suppose 0 = 4*c - b + 67, -b = -3*c - 0*b - 50. List the prime factors of g(c).
2, 3, 5
Let g = 4316 - 2874. Suppose g = 2*b - 846. List the prime factors of b.
2, 11, 13
Suppose 2644*w = 2564*w + 3845280. List the prime factors of w.
2, 3, 8011
Let q = -280110 - -460969. What are the prime factors of q/98 + (-2)/4?
3, 5, 41
Suppose 17*r = 4*t + 12*r - 2285, t = -2*r + 581. Let o = -6 + 9. Suppose t = o*j + 2*j. What are the prime factors of j?
5, 23
Suppose 0 = 195*k - 70*k - 1329000. What are the prime factors of k?
2, 3, 443
Suppose 6*q + 104 = -2*q. Let p be q/52 + 869/4. Suppose -p = -3*t + 146. List the prime factors of t.
11
What are the prime factors of 72/(-10)*(300/(-8))/((-54)/(-8952))?
2, 3, 5, 373
Let u(o) be the third derivative of -5*o**4/24 + o**3/2 + 29*o**2. Let t be u(-1). Suppose t*f - 93 - 155 = 0. What are the prime factors of f?
31
Let n be 336/10*1120/24. List the prime factors of (4 + -2 - -3)/(8/n).
2, 5, 7
Suppose 3*u - 22 = -5*z, -4*z + 0*u + 15 = 5*u. Suppose 560 = 2*t + z*g - g, -4*t = 3*g - 1120. List the prime factors of t.
2, 5, 7
Let d be 1028/(-5) + (20/(-50))/(4/(-6)). Suppose l = 6*l - 3*r - 1714, 3*l + 2*r = 1036. Let u = d + l. List the prime factors of u.
139
Let p(l) = 5384*l - 835. What are the prime factors of p(4)?
127, 163
Let w = 51 - 48. Suppose -2 - 25 = -w*k. Let o(y) = y**3 - 9*y**2 + 7*y - 3. List the prime factors of o(k).
2, 3, 5
Suppose -6*m = 4*x - m - 62, -2*m - 4 = 0. Let p = 12 - x. List the prime factors of (-4884)/(-72) + (-1)/p.
2, 17
Suppose -56 = 2*v + v + 5*a, -110 = 5*v + 5*a. Let g = v - -55. Let n = 56 - g. List the prime factors of n.
2, 7
Suppose -1329*a = -1295*a - 115895 - 464757. List the prime factors of a.
2, 8539
What are the prime factors of (-92 + -430)*-1*(-276)/(-9)?
2, 3, 23, 29
Let r(h) = 5*h**3 - 5*h**2 - 16*h + 8. Let f(q) = -q**3 - q**2 - q - 1. Let z(j) = 6*f(j) + r(j). What are the prime factors of z(-9)?
2, 19
Let s(u) = -6*u**2 + 56*u - 19. Let h be s(9). List the prime factors of h*(6 - 1) - (-131 - 21).
3, 7
Let b = -150 + 176. Suppose 0 = b*w - 12*w - 6188. What are the prime factors of w?
2, 13, 17
Let i(m) = -m**3 - 13*m**2 - 7*m + 27. Let b be i(-13). Suppose -b - 188 = -2*j. What are the prime factors of j?
3, 17
Suppose 0 = -2*f - 3*a + 8, 5*f + 2*a = a + 7. Let r be 7/((-81)/(-78) - f). Suppose -4*b - r = -606. What are the prime factors of b?
2, 53
Let l = 151 + 254. Suppose l*g - 401*g - 1148 = 0. What are the prime factors of g?
7, 41
Let c = -4095 - -7123. List the prime factors of c.
2, 757
Let y(j) = 5*j - 46. Let n be ((-1)/(-2))/(8/208) - 4. Let o be y(n). List the prime factors of (136 + o)*(-4)/(-5).
2, 3
Let u = 87 + -71. Let q be -4 - (298/(-3) - u/(-48)). Suppose -43*k - q = -48*k. List the prime factors of k.
19
Suppose 4*j = 4*r + 28, j + 5 = 6*r - 8*r. Suppose 6*v + 319 = 9*v + 5*w, -j*w - 83 = -v. What are the prime factors of v?
2, 7
Let b(z) be the first derivative of -32*z**2 - 5*z - 34*z**2 + 3*z - 1. What are the prime factors of b(-1)?
2, 5, 13
What are the prime factors of ((-164)/287)/((-6)/70791)?
2, 3371
Let z(s) = 190*s**2 - 40*s + 149. What are the prime factors of z(13)?
17, 1867
Suppose -46*u - 382142 = -1111426. What are the prime factors of u?
2, 7927
Let f(j) = -95*j + 29*j + 35 + 32*j + 27*j + 24. Suppose 0 = -3*z + 7*z. List the prime factors of f(z).
59
Let h(w) = 2*w**3 - 9*w**2 + 5*w + 5. Let p be h(4). Suppose 404 = p*z - 1747. List the prime factors of z.
239
Suppose -7*z = -4767 + 1260. Suppose -2*m + z = -m + 3*r, -5*m + 5*r = -2465. List the prime factors of m.
